lculate the highest common divisor of f and a.
19
Suppose -k - 545 = 39*a - 40*a, 2*a + 4*k = 1090. Let r be (2/6)/((-2)/(-30)). Calculate the highest common divisor of a and r.
5
Suppose -139 + 8 = -14*k + 149. What is the highest common divisor of k and 604?
4
Let i = 4914 + -4898. Calculate the highest common factor of 5072 and i.
16
Suppose 6*j + 4*j - 40 = 0. Let b(q) = -q**3 + 21*q - 4. Let a be b(j). What is the highest common divisor of a and 1?
1
Let p(o) = -o**3 + 5*o**2 + 15*o - 19. Let m be p(5). Let c(g) = -g + 22. Let x be c(14). What is the greatest common factor of m and x?
8
Let s be (-1163)/(-9) + 24/(-972)*9. Calculate the greatest common factor of s and 2193.
129
Let z = -17966 + 17981. Calculate the greatest common factor of 189 and z.
3
Let a(u) = -1029*u + 53. Let s = -119 + 126. Let y be a(s). Let f be y/(-99) + (-6)/27. What is the highest common factor of f and 8?
8
Let n(r) = -r**2 - 1. Let i(d) = 3*d**2 - 15*d - 99. Let h(p) = i(p) + 2*n(p). Let w be h(-8). Calculate the greatest common divisor of w and 166.
83
Let r = -10363 + 10374. What is the greatest common factor of 19371 and r?
11
Suppose 2 = -2*p - b - 9, 0 = p + 3*b + 13. Let q(z) = z**2 - 3*z - 12. Let a be q(p). Let s = 16 - 12. What is the highest common divisor of s and a?
4
Suppose 40*q - 800 = 37*q + 4*n, -5*n - 10 = 0. Calculate the highest common divisor of 30 and q.
6
Let a(h) = -14*h + 254. Let g be a(16). Calculate the highest common divisor of g and 58.
2
Let f(z) = -z**2 + 8*z - 4. Let g be f(2). Let d(v) = v**3 - 4*v**2 - 12*v - 16. Let x be d(g). What is the greatest common divisor of 4 and x?
4
Let f be -1*15/2*(-10638)/985. What is the greatest common divisor of 6129 and f?
27
Suppose -2*y + 25*y = -4899. Let q = -186 - y. Calculate the greatest common divisor of q and 135.
27
Let z = 299 - 367. Let x = -54 - z. What is the highest common factor of 406 and x?
14
Let v(a) = -a**3 - 10*a**2 + 3*a + 34. Suppose 0 = -41*j + 55*j + 140. Let t be v(j). Calculate the greatest common divisor of 8 and t.
4
Suppose 2*f - 5*m - 531 = 0, -123*m = 5*f - 126*m - 1318. Suppose 0 = 16*v + 55 - f. What is the highest common factor of v and 208?
13
Let b(k) = 10*k + 31. Let t be b(8). Let m = t - 103. What is the greatest common factor of m and 4?
4
Suppose -5*q + 1 = -59. Let l(b) = -b + 16. Let c be l(q). Let k(t) = -t**3 + 8*t**2 - 7*t + 3. Let p be k(c). What is the greatest common divisor of p and 312?
39
Let z(g) = 29*g**2 - 451*g + 20. Let y be z(37). Calculate the highest common divisor of 33 and y.
33
Let o(t) = -11*t - 12. Let a be o(-7). Let u be 20/25 - (258/(-15) + 3). Calculate the highest common divisor of u and a.
5
Let j be 260/13 + 0 + 1792. What is the highest common factor of j and 60?
12
Suppose 204 = 4*y + 4*g, -3*y = 28*g - 29*g - 125. Let x = -196 - -405. Calculate the greatest common factor of x and y.
11
Let p be (-315)/90 + (-33940)/(-8). What is the greatest common divisor of 1256 and p?
157
Let t = 5 + -54. Let y = t - -76. Suppose 0 = 5*b - 4*b - 3. What is the greatest common factor of y and b?
3
Suppose -4*k + 4*h = -1352, -3*h = -k + 231 + 111. Let o = k - 306. Calculate the highest common factor of o and 285.
15
Let u be 1*(1 - (4 + (-920)/5)). Let b = u + -153. Calculate the greatest common factor of b and 28.
28
Let m be 0 + 2 - -3*1. Suppose 138 = 3*p - 3*v, -4*v = -3*v - 4. Suppose -4*x + m*a = -p, 6*x = 2*x - 4*a + 32. What is the greatest common divisor of 10 and x?
10
Suppose 6*p - 107477 + 5454117 = 112*p. What is the highest common factor of 388 and p?
388
Suppose -7*i = -17*i + 80. Suppose 0 = 6*v + 7 - 43. What is the greatest common factor of i and v?
2
Let r(p) = 774*p + 4645. Let c be r(-6). Calculate the highest common divisor of c and 263.
1
Suppose 4*m + 90 = 2*w + 106, w - 20 = -5*m. Suppose -d + 9 = -3*g, -d - 4*g = 6 + 6. Suppose -16 = -f - d*f. What is the highest common divisor of m and f?
4
Let z(p) = 557*p - 3429. Let w be z(7). What is the highest common factor of w and 190?
10
Let a be (276/(-20))/((-16)/(-5) - 3). Let l be 2/21*-3 + a/(-21). Calculate the greatest common factor of l and 15.
3
Suppose 0 = 70*l - 68*l + 186. Let a = l - -60. Let k = a + 42. Calculate the highest common factor of k and 72.
9
Suppose 114145 = 255*c - 34265. What is the highest common factor of c and 3104?
194
Let s = 36475 + -19549. What is the highest common factor of 93 and s?
93
Suppose 36 = 4*w - 992. Suppose 2*f - w = -41. Calculate the highest common divisor of 144 and f.
36
Let u be ((-9)/(-6))/((-7)/(-3164)). Let p = 698 - u. Calculate the highest common factor of p and 90.
10
Let z(t) = t**3 + 5*t**2 + 4*t - 3. Let n be z(-3). Suppose 1 = n*g - 4*g. Let f be (g - 1)/(6/(-39)). Calculate the highest common factor of 13 and f.
13
Let p be ((-1504)/12)/(2 + 17/(-9)). Let o be ((-16)/(-6))/((-16)/p). Suppose -o - 32 = -m. Calculate the highest common factor of m and 55.
55
Let t = -116 - 381. Let p = -469 - t. Calculate the highest common divisor of p and 28.
28
Suppose -4*x + x = 171. Let o = x - -59. Suppose 0 = -o*r - 44 + 116. Calculate the highest common divisor of r and 4.
4
Let t(m) = -19*m - 11. Let d be t(-8). Let v = 8483 + -8389. Calculate the highest common divisor of d and v.
47
Let i(u) = -u**3 + 11*u**2 + 13*u - 12. Let g be i(12). Let t be 4/8*1*g. Suppose t = z - 10 - 42. Calculate the greatest common factor of z and 468.
52
Let c = -6624 - -6754. Calculate the highest common divisor of 39 and c.
13
Suppose 0 = 57*l - 533*l + 6977 + 33007. What is the greatest common factor of 12796 and l?
28
Let x be 24 + 38880/304 - (-6)/57. Calculate the highest common factor of 5054 and x.
38
Suppose 10 = -2*x, -j - 4*x + 22 = -3*x. What is the highest common divisor of j and 2835?
27
Suppose -96*b + 588 = -166*b + 84*b. Calculate the greatest common factor of 273 and b.
21
Suppose 362 = -4*c + 6*c - v, -c = 2*v - 176. Suppose -651*x - c = -655*x. Calculate the greatest common divisor of 45 and x.
45
Let f(b) = b**2 + 24. Let s be f(-6). Suppose 2*u + 2*u = -l + 2, -5*l + 5*u = -s. Calculate the highest common divisor of l and 480.
10
Let p(l) = 16*l**3 + 8*l**2 + 8*l - 43. Let n be p(6). Calculate the greatest common factor of 23 and n.
23
Suppose 156*b = 272*b - 12296. What is the greatest common divisor of 11978 and b?
106
Let l be 0 + 2/3 + (-10218)/(-117). Calculate the greatest common factor of 48 and l.
8
Let t be 21/((-315)/40)*(-12)/8. What is the greatest common factor of 716 and t?
4
Suppose 11*o - 15*o = -260. Suppose -3*f - 2*f = -o. Let l be (f - 5)/(2*2/12). Calculate the highest common factor of 12 and l.
12
Let l be (-3 + (8 - 4))*5. Suppose -z - l*x - 4 = 0, x - 14 = -2*z + 2*x. Suppose v + 3 - 51 = 0. Calculate the greatest common factor of v and z.
6
Suppose -7*b + 5*b + 2 = 0, -z = -2*b + 3. Let m be (-35)/14*z*8. Let f(k) = 4*k**2 - 2*k - 2. Let d be f(-4). What is the greatest common factor of m and d?
10
Let b(v) = -8 + 15 + v**2 + 0 + 8*v. Let c be b(-9). Suppose h + h - 8 = 0. Calculate the highest common divisor of c and h.
4
Let m(c) = 1 - 2*c + c + 10 + 19. Let k be m(-10). What is the highest common factor of k and 16?
8
Suppose 9*g + 2*g - 33 = 0. Suppose 0 = -g*t + 413 + 352. What is the greatest common factor of 15 and t?
15
Suppose -2*n = 18*n - 13981 - 9539. What is the greatest common divisor of 1400 and n?
56
Let o be 58 - 26 - (-4 + -3 + 1). Suppose 0 = 40*a + o - 998. What is the greatest common factor of a and 30?
6
Let o(q) = -q**2 + 16*q + 106. Suppose 2*k = -4*z + 58, -3*z - 1 = -13. Let b be o(k). Let l = 1 - -10. Calculate the highest common factor of b and l.
1
Suppose 2*z - 5*z + 4*m + 1332 = 0, 0 = 3*m. Suppose -z = -19*f + 17*f. Suppose -a = 5*a - f. Calculate the highest common factor of 185 and a.
37
Suppose -28 = -k - 2*c, -12*c + 13*c = -2*k + 56. Suppose 0 = -3*u + 4*p, -3*u - p = 2*p - 21. What is the highest common factor of k and u?
4
Suppose -2*g - 1107 = 7*g. Let l = g - -170. Calculate the greatest common divisor of l and 1175.
47
Suppose 5*n + 1188*a - 3058 = 1184*a, 0 = 3*n - a - 1845. What is the greatest common factor of n and 2?
2
Let n(x) = 2*x**2 - 23*x - 61. Let u be n(-3). Calculate the greatest common divisor of 65 and u.
13
Suppose -3*